16 divide 539168?
True
Does 253 divide 250723?
True
Is 5 a factor of 41510?
True
Is 1724670 a multiple of 15?
True
Is 932622 a multiple of 11?
False
Is 49501 a multiple of 59?
True
Is 679 a factor of 8867456?
False
Is 554 a factor of 3435073?
False
Does 15 divide 8775?
True
Does 73 divide 1710901?
True
Is 940810 a multiple of 386?
False
Does 408 divide 11275488?
True
Is 39 a factor of 417389?
False
Is 2 a factor of 36543?
False
Does 128 divide 54541?
False
Is 1644748 a multiple of 360?
False
Is 16 a factor of 125584?
True
Is 33 a factor of 1097745?
True
Is 60 a factor of 285334?
False
Does 4 divide 22041?
False
Is 8 a factor of 9569008?
True
Does 60 divide 385140?
True
Is 15 a factor of 258570?
True
Is 3327444 a multiple of 36?
True
Is 22 a factor of 164709?
False
Is 31 a factor of 199206?
True
Is 331 a factor of 79098?
False
Does 171 divide 104116?
False
Is 13011766 a multiple of 1853?
True
Does 30 divide 837163?
False
Is 122488 a multiple of 23?
False
Does 72 divide 352728?
True
Does 249 divide 5419236?
True
Does 191 divide 501215?
False
Is 2290187 a multiple of 31?
True
Does 44 divide 7726972?
True
Does 289 divide 177716?
False
Does 4 divide 27309?
False
Does 83 divide 34361?
False
Is 4216 a multiple of 34?
True
Is 4006607 a multiple of 5?
False
Does 137 divide 619658?
False
Is 1081044 a multiple of 21?
False
Is 162801 a multiple of 9?
True
Is 380688 a multiple of 77?
True
Is 13 a factor of 296712?
True
Is 40860 a multiple of 10?
True
Does 30 divide 913719?
False
Does 140 divide 810600?
True
Is 237 a factor of 299404?
False
Does 2 divide 31753?
False
Is 120 a factor of 2939400?
True
Is 13 a factor of 68293?
False
Is 69 a factor of 31905?
False
Is 191830 a multiple of 38?
False
Is 205 a factor of 35120532?
False
Is 537281 a multiple of 373?
False
Does 189 divide 217426?
False
Is 751083 a multiple of 11?
False
Is 236 a factor of 5236386?
False
Is 23 a factor of 1630610?
False
Is 584 a factor of 503393?
False
Is 2743250 a multiple of 125?
True
Is 156104 a multiple of 9?
False
Is 134295 a multiple of 51?
False
Does 2139 divide 11986956?
True
Is 106605 a multiple of 9?
True
Is 84 a factor of 62755?
False
Is 83 a factor of 676450?
True
Is 68 a factor of 3344648?
True
Is 119 a factor of 9416089?
False
Does 318 divide 159954?
True
Is 135 a factor of 606960?
True
Is 240 a factor of 150960?
True
Is 13 a factor of 804648?
True
Is 7844788 a multiple of 28?
True
Is 105424 a multiple of 16?
True
Does 249 divide 669850?
False
Is 483944 a multiple of 8?
True
Does 6 divide 7856?
False
Is 48 a factor of 173877?
False
Is 68 a factor of 3878?
False
Is 388858 a multiple of 559?
False
Does 39 divide 1365?
True
Is 5 a factor of 14055?
True
Does 64 divide 81137?
False
Is 10 a factor of 1174651?
False
Is 133 a factor of 3274593?
True
Is 44 a factor of 22836?
True
Does 2 divide 671217?
False
Is 5878743 a multiple of 78?
False
Is 1023616 a multiple of 10?
False
Is 19 a factor of 1736229?
False
Is 62 a factor of 910169?
False
Is 48 a factor of 227748?
False
Does 72 divide 352584?
True
Does 729 divide 1480922?
False
Does 172 divide 6993004?
True
Is 252560 a multiple of 56?
True
Is 39 a factor of 85827?
False
Does 179 divide 112054?
True
Is 840927 a multiple of 316?
False
Is 20083350 a multiple of 1085?
True
Does 419 divide 364464?
False
Is 3103904 a multiple of 8?
True
Does 190 divide 438330?
True
Is 199052 even?
True
Is 277585 a multiple of 393?
False
Is 147200 a multiple of 8?
True
Is 42 a factor of 42049?
False
Does 298 divide 3130795?
False
Is 20 a factor of 370180?
True
Is 70151 a multiple of 41?
True
Does 262 divide 6339202?
False
Is 188681 a multiple of 6?
False
Is 14326 a multiple of 252?
False
Does 10 divide 51746?
False
Is 157 a factor of 129996?
True
Is 103 a factor of 103103?
True
Is 326175 a multiple of 35?
False
Does 2 divide 25312?
True
Does 27 divide 11282782?
False
Is 229 a factor of 167059?
False
Does 14 divide 932282?
False
Does 13 divide 23386?
False
Is 13774157 a multiple of 180?
False
Is 59649 a multiple of 72?
False
Is 122 a factor of 191342?
False
Does 8 divide 169296?
True
Is 46967 a multiple of 6?
False
Is 10 a factor of 19642948?
False
Is 12 a factor of 24255?
False
Is 42 a factor of 358722?
True
Does 390 divide 8342880?
True
Does 12 divide 1271906?
False
Is 420128 a multiple of 19?
True
Does 202 divide 3242570?
False
Is 2361809 a multiple of 2?
False
Is 2370456 a multiple of 66?
True
Is 443 a factor of 766289?
False
Does 96 divide 44748?
False
Is 162 a factor of 9709493?
False
Does 16 divide 350480?
True
Does 63 divide 142380?
True
Does 14 divide 54812520?
True
Does 6 divide 31842?
True
Is 107 a factor of 108296?
False
Is 406 a factor of 293458?
False
Is 41910 a multiple of 2?
True
Does 208 divide 2976990?
False
Is 14 a factor of 141863?
False
Is 185 a factor of 102675?
True
Does 26 divide 2889061?
False
Does 341 divide 97000?
False
Is 326 a factor of 111818?
True
Does 20 divide 8911480?
True
Does 53 divide 894625?
False
Is 1303344 a multiple of 84?
True
Is 271 a factor of 2334238?
False
Is 176115 a multiple of 177?
True
Does 152 divide 2814128?
True
Is 30046 a multiple of 20?
False
Is 1517454 a multiple of 38?
True
Is 3395526 a multiple of 414?
False
Is 12 a factor of 727917?
False
Does 4 divide 11943750?
False
Is 18 a factor of 6355062?
True
Does 1895 divide 28661875?
True
Is 4282821 a multiple of 8?
False
Is 499610 a multiple of 470?
True
Is 9396529 a multiple of 18?
False
Does 26 divide 86087?
False
Is 36 a factor of 3724620?
False
Is 43 a factor of 7052?
True
Is 9331708 a multiple of 436?
True
Is 9 a factor of 89568?
True
Does 197 divide 338368?
False
Does 55 divide 2538750?
False
Is 53799 a multiple of 71?
False
Is 48698 a multiple of 13?
True
Is 3 a factor of 14169?
True
Is 49 a factor of 1485974?
True
Is 24101 a multiple of 77?
True
Does 92 divide 54556?
True
Does 28 divide 18793544?
True
Does 6 divide 1895989?
False
Does 63 divide 2354791?
False
Does 11 divide 2081772?
True
Is 15 a factor of 92610?
True
Is 990484 a multiple of 11?
True
Is 555309 a multiple of 9?
True
Is 248318 a multiple of 539?
False
Is 170438 a multiple of 234?
False
Is 2417825 a multiple of 1329?
False
Is 387408 a multiple of 10?
False
Is 4067637 a multiple of 399?
False
Is 913339 a multiple of 20?
False
Is 2430 a multiple of 30?
True
Does 336 divide 245280?
True
Is 1069189 a multiple of 958?
False
Is 3 a factor of 39222?
True
Does 267 divide 29440?
False
Does 255 divide 4818990?
True
Is 294 a factor of 145081?
False
Is 3689584 a multiple of 16?
True
Does 356 divide 262364?
False
Does 27 divide 93123?
True
Is 219 a factor of 1291572?
False
Does 14 divide 7478758?
True
Is 18 a factor of 1034730?
True
Is 17389449 a multiple of 693?
True
Does 22 divide 30436?
False
Does 486 divide 1326780?
True
Is 79506 a multiple of 3?
True
Is 1033 a factor of 3765285?
True
Does 7 divide 6657?
True
Is 51 a factor of 187591?
False
Is 1070452 a multiple of 45?
False
Does 90 divide 76680?
True
Does 88 divide 43032?
True
Is 20100 a multiple of 30?
True
Does 79 divide 312328?
False
Is 4 a factor of 470747?
False
Does 11 divide 5669735?
False
Does 284 divide 4540399?
False
Is 34 a factor of 19856?
True
Does 1660 divide 33575950?
False
Is 13916 a multiple of 7?
True
Does 99 divide 1810140?
False
Is 329177 a multiple of 207?
False
Does 13 divide 147394?
True
Is 322 a factor of 1286390?
True
Does 4 divide 2758853?
False
Does 33 divide 1244694?
True
Does 8 divide 26544?
True
Does 12 divide 3936060?
True
Is 10121055 a multiple of 18?
False
Is 191264 a multiple of 344?
True
Is 218167 a multiple of 11?
False
Is 65181 a multiple of 539?
False
Is 17517646 a multiple of 18?
False
Is 3 a factor of 538354?
False
Is 4 a factor of 42556?
True
Is 64 a factor of 6173815?
False
Is 4171654 a multiple of 39?
False
Is 7 a factor of 145390?
True
Does 308 divide 617848?
True
Is 42 a factor of 131628?
True
Is 7253873 a multiple of 77?
False
Does 14 divide 474497?
False
Is 300784 a multiple of 176?
True
Is 25296 a multiple of 31?
True
Is 3325248 a multiple of 36?
True
Is 125638 a multiple of 112?
False
Is 68 a factor of 115371?
False
Is 517 a factor of 383957?
False
Is 49 a factor of 317226?
True
Is 59288 a multiple of 76?
False
Is 4230304 a multiple of 44?
False
Is 6794072 a multiple of 428?
True
Does 35 